9?
478
Calculate the remainder when 974795 is divided by 906.
845
Calculate the remainder when 79594764 is divided by 16.
12
What is the remainder when 227372670 is divided by 121?
118
What is the remainder when 554506 is divided by 92417?
4
Calculate the remainder when 275016 is divided by 12422.
1732
What is the remainder when 157507 is divided by 62?
27
What is the remainder when 8555735 is divided by 8555696?
39
Calculate the remainder when 33245 is divided by 127.
98
Calculate the remainder when 13837754 is divided by 4.
2
Calculate the remainder when 1066953 is divided by 26.
17
What is the remainder when 4963768 is divided by 941?
934
What is the remainder when 9628315 is divided by 1543?
1538
Calculate the remainder when 6804873 is divided by 543.
540
What is the remainder when 22984341 is divided by 388?
385
Calculate the remainder when 1347706 is divided by 276.
274
Calculate the remainder when 243574 is divided by 414.
142
What is the remainder when 156249 is divided by 14100?
1149
What is the remainder when 141777 is divided by 15727?
234
Calculate the remainder when 4399724 is divided by 879943.
9
Calculate the remainder when 2402580 is divided by 400430.
0
Calculate the remainder when 10212372 is divided by 31.
11
Calculate the remainder when 12405995 is divided by 69.
2
Calculate the remainder when 1810236 is divided by 18.
12
Calculate the remainder when 1524973 is divided by 11641.
2
What is the remainder when 11557013 is divided by 3852326?
35
Calculate the remainder when 4223146 is divided by 33785.
21
Calculate the remainder when 6012910 is divided by 256.
238
Calculate the remainder when 2715358 is divided by 69624.
22
Calculate the remainder when 86401543 is divided by 2321.
2318
What is the remainder when 87848 is divided by 227?
226
Calculate the remainder when 51522 is divided by 628.
26
Calculate the remainder when 18840900 is divided by 1265.
1255
Calculate the remainder when 948932 is divided by 421.
419
Calculate the remainder when 1869310 is divided by 9943.
26
What is the remainder when 18279615 is divided by 2655?
2595
Calculate the remainder when 130474 is divided by 7482.
3280
What is the remainder when 542278 is divided by 706?
70
Calculate the remainder when 11044183 is divided by 3255.
3223
What is the remainder when 14665890 is divided by 61?
26
Calculate the remainder when 15859917 is divided by 3171981.
12
Calculate the remainder when 44077 is divided by 24.
13
What is the remainder when 2644298 is divided by 163?
112
Calculate the remainder when 5502782 is divided by 435.
32
Calculate the remainder when 9541 is divided by 486.
307
Calculate the remainder when 78879586 is divided by 9859948.
2
What is the remainder when 48683565 is divided by 83?
81
What is the remainder when 235249 is divided by 116789?
1671
What is the remainder when 11231516 is divided by 3743835?
11
What is the remainder when 29183 is divided by 6202?
4375
What is the remainder when 9353522 is divided by 400?
322
What is the remainder when 37839929 is divided by 9735?
9719
What is the remainder when 9193376 is divided by 1838672?
16
Calculate the remainder when 5227 is divided by 460.
167
Calculate the remainder when 43080 is divided by 373.
185
Calculate the remainder when 1118589 is divided by 603.
24
Calculate the remainder when 39756 is divided by 4411.
57
Calculate the remainder when 1323069 is divided by 876.
309
Calculate the remainder when 785440 is divided by 196356.
16
What is the remainder when 25261677 is divided by 1485981?
0
Calculate the remainder when 1443494 is divided by 6975.
6644
What is the remainder when 4824626 is divided by 1081?
123
Calculate the remainder when 16927929 is divided by 144.
9
Calculate the remainder when 32287119 is divided by 8071744.
143
What is the remainder when 220189262 is divided by 31268?
6
What is the remainder when 1069951 is divided by 8?
7
Calculate the remainder when 32945594 is divided by 148.
54
Calculate the remainder when 61444 is divided by 13849.
6048
Calculate the remainder when 24833786 is divided by 15.
11
Calculate the remainder when 14994333 is divided by 838.
837
Calculate the remainder when 998702 is divided by 1263.
932
Calculate the remainder when 386457 is divided by 18282.
2535
Calculate the remainder when 51435 is divided by 1266.
795
What is the remainder when 11323588 is divided by 6?
4
What is the remainder when 264270 is divided by 7894?
3768
What is the remainder when 16889775 is divided by 806?
45
What is the remainder when 3583067 is divided by 1791366?
335
What is the remainder when 7778931 is divided by 36520?
171
What is the remainder when 36699193 is divided by 139?
135
Calculate the remainder when 2548962 is divided by 1274481.
0
What is the remainder when 4753143 is divided by 8?
7
What is the remainder when 57407 is divided by 1400?
7
What is the remainder when 2954185 is divided by 4160?
585
Calculate the remainder when 6898543 is divided by 1379690.
93
What is the remainder when 11629644 is divided by 5814511?
622
Calculate the remainder when 363434278 is divided by 645.
643
What is the remainder when 31185 is divided by 5867?
1850
Calculate the remainder when 240678 is divided by 240601.
77
Calculate the remainder when 32047566 is divided by 98.
96
Calculate the remainder when 1336348 is divided by 668156.
36
What is the remainder when 398365 is divided by 4111?
3709
What is the remainder when 4215067 is divided by 468339?
16
Calculate the remainder when 516164718 is divided by 20.
18
What is the remainder when 4185393 is divided by 3400?
3393
What is the remainder when 1488297 is divided by 165?
162
Calculate the remainder when 11896199 is divided by 104.
55
Calculate the remainder when 52845877 is divided by 68631.
7
Calculate the remainder when 871788 is divided by 269.
228
Calculate the remainder when 104275 is divided by 842.
709
Calculate the remainder when 10481603 is divided by 21.
20
Calculate the remainder when 4496669 is divided by 218.
201
What is the remainder when 4398943 is divided by 306?
193
What is the remainder when 25185745 is divided by 246?
19
What is the remainder when 86889869 is divided by 119?
115
Calculate the remainder when 599647 is divided by 39976.
7
Calculate the remainder when 630470 is divided by 315221.
28
Calculate the remainder when 218006 is divided by 72432.
710
What is the remainder when 1378555 is divided by 110?
35
What is the remainder when 458965 is divided by 3350?
15
What is the remainder when 1502224 is divided by 61?
38
Calculate the remainder when 27393 is divided by 229.
142
Calculate the remainder when 48981797 is divided by 149.
133
What is the remainder when 47292 is divided by 9457?
7
Calculate the remainder when 808880 is divided by 44931.
122
Calculate the remainder when 285499 is divided by 94778.
1165
Calculate the remainder when 9199 is divided by 4009.
1181
Calculate the remainder when 8318 is divided by 691.
26
Calculate the remainder when 73797 is divided by 12277.
135
What is the remainder when 294036 is divided by 292100?
1936
What is the remainder when 18090165 is divided by 674?
5
Calculate the remainder when 513618 is divided by 20541.
93
What is the remainder when 19782523 is divided by 8?
3
Calculate the remainder when 145466 is divided by 72651.
164
Calculate the remainder when 74298 is divided by 54.
48
Calculate the remainder when 2464495 is divided by 1232219.
57
Calculate the remainder when 1279774 is divided by 6065.
59
What is the remainder when 3116007 is divided by 38?
7
Calculate the remainder when 33920362 is divided by 7290.
7282
Calculate the remainder when 367237709 is divided by 1340.
1329
Calculate the remainder when 677645 is divided by 35665.
10
Calculate the remainder when 2202164 is divided by 2202095.
69
What is the remainder when 62147 is divided by 30931?
285
Calculate the remainder when 205550 is divided by 1742.
1736
What is the remainder when 265687 is divided by 16602?
55
Calculate the remainder when 783958 is divided by 261314.
16
What is the remainder when 138959 is divided by 1318?
569
Calculate the remainder when 84731 is divided by 126.
59
What is the remainder when 222978012 is divided by 405?
402
What is the remainder when 49712 is divided b